 be l(-6). Calculate the highest common factor of z and r.
4
Let z(r) = 10*r - 3. Let a be z(7). Let c = -110 + 67. Let j = a + c. What is the greatest common factor of 8 and j?
8
Let x(y) = y**3 + y - 21. Let g be x(0). Let v = 32 + g. What is the greatest common divisor of 1 and v?
1
Let r(u) = 8*u - 3. Let n be r(-3). Let b = n + 38. Calculate the greatest common factor of b and 11.
11
Let w(t) = 33*t**3 - 3*t + 2. Let k be w(1). Let i be -5 + k + (2 - -1). What is the greatest common divisor of i and 10?
10
Let x be (-20)/(-6)*156/8. Let u be (-11 - 2)/(2/(-2)). Calculate the highest common divisor of u and x.
13
Let i(m) be the second derivative of 7*m**4 - m**3/6 - m**2/2 - 3*m. Let n be i(-1). What is the highest common divisor of 12 and n?
12
Suppose -n - 4*p + 60 = 0, 4*p = 2*n - p - 81. What is the highest common divisor of n and 120?
24
Let a = 37 + 43. Let t = 47 + -27. Calculate the greatest common factor of t and a.
20
Suppose -3*d - n + 0*n + 104 = 0, n = d - 32. Let y be 1828/36 - 2/(-9). What is the highest common factor of y and d?
17
Let c(d) = -13*d. Let x(r) = -6*r. Let j(q) = -2*c(q) + 5*x(q). Let u be j(-3). Calculate the greatest common factor of u and 24.
12
Let m(l) = l**2 - l. Let z be m(2). Suppose -z = -k + 3. Calculate the greatest common factor of k and 25.
5
Let g(y) = 28*y**2 - 7*y - 6. Let s be g(-4). Suppose 5*d + 2*h = s, d + 2*h - h = 91. What is the greatest common factor of 12 and d?
12
Let c(a) = a**3 - 7*a**2 - 4*a - 16. Let q be c(8). Calculate the highest common factor of q and 80.
16
Let s = -79 - -115. Let t be (0 - -6)/(3/2). What is the highest common factor of s and t?
4
Suppose 0 = 5*n - 4*v - 140, 2*n + 26 = -v + 82. Suppose n = 2*q + q - j, j = -4. What is the greatest common divisor of 72 and q?
8
Let a be ((-24)/(-14))/(10/35). What is the greatest common divisor of a and 48?
6
Suppose -g - 195 = 2*g. Let v = g - -97. What is the greatest common divisor of v and 4?
4
Suppose 0 = -2*d - 6, 2*x = -3*d + 47 + 32. What is the highest common divisor of x and 44?
44
Let l(a) = 3*a - 4. Let m be l(3). Suppose 30 = 2*q + s, -3*s + 29 + 46 = m*q. Calculate the highest common factor of 105 and q.
15
Suppose -59 = -3*l - 11. Let v be 5*(-4)/(l/(-12)). Calculate the greatest common factor of v and 10.
5
Let d(n) = n**3 + 9*n**2 + 15*n + 6. Let p be d(-6). Calculate the greatest common divisor of 8 and p.
8
Suppose 45 = -4*b + 8*b - q, 0 = 3*b + q - 25. Calculate the highest common factor of 70 and b.
10
Let b = -27 - -108. What is the highest common divisor of b and 9?
9
Let c be ((-1)/2)/(5/(-70)). Let u be ((-1)/1)/(1/(-14)). Calculate the highest common divisor of c and u.
7
Suppose 0 = -b + 12 + 5. Calculate the greatest common factor of b and 136.
17
Suppose -4*b - 32 = -2*g, 4*g - g + 4*b - 8 = 0. Suppose 160 = 4*h + w + 3*w, -2*w + 200 = 5*h. Calculate the highest common factor of g and h.
8
Let r(k) = 3*k. Let x be (-24)/108 - (-38)/9. Let f be r(x). Suppose -4*g + 45 + 51 = 0. What is the highest common factor of f and g?
12
Suppose -l - 4*i = -9*i - 9, 5*l + 3*i = 17. Suppose 4*z = -0*z - l. Let o be z/(2/(-2)) + 4. Calculate the greatest common divisor of o and 1.
1
Let h = 15 - 4. Let l = -5 - -4. Let z be l*6/3 + 3. Calculate the highest common divisor of z and h.
1
Let v = 166 - 136. Calculate the greatest common divisor of v and 24.
6
Suppose -c - 2*j = 12, -4*j - 14 - 12 = 3*c. Let u = 9 + c. Let d be 1*(u - 1)*1. What is the greatest common factor of 15 and d?
3
Let i be (0 + 8)*6/2. What is the greatest common factor of i and 24?
24
Suppose 2*x - 6*x = -96. Calculate the highest common factor of x and 60.
12
Let w be 3*(-7)/(2/2). Let y be (w/(-6))/(3/18). Calculate the greatest common divisor of 3 and y.
3
Let b = -104 + 156. Let n = 0 + 3. Suppose -10 - n = -u. What is the greatest common factor of u and b?
13
Suppose 4*h = 57 + 27. Let w(q) = q**2 + 4*q + 4. Let b be w(-4). Suppose -5*j + 11 - 4 = 4*x, -b*j - 2*x = -8. Calculate the greatest common factor of h and j.
3
Let q be (-2)/((-8)/63) + (-12)/(-48). What is the highest common divisor of q and 64?
16
Let a be (-10)/((16/6)/(-4)). What is the highest common divisor of 75 and a?
15
Suppose 0 = -4*i - 2*p + 506, i + 2*i + p = 379. Calculate the greatest common factor of i and 14.
14
Let o be 5/((-60)/(-112))*(4 - 1). What is the greatest common factor of 42 and o?
14
Let v(u) = u**3 + 6*u**2 + 3*u - 2. Suppose 5*i + 5 = 5*a + 20, 10 = -4*a + 5*i. Let n be v(a). Calculate the greatest common factor of 1 and n.
1
Suppose -3*j = d + 2*d - 3, 3*d - 5 = -2*j. Suppose 0 = 4*o + o - 120. What is the greatest common divisor of o and d?
3
Let x be 2/(-3 - 17/(-5)). Let b = x - 1. Suppose l = b*l - 204. What is the greatest common factor of 17 and l?
17
Let x(y) = y**3 - 3*y**2 - 5*y - 3. Let u be x(5). Calculate the highest common factor of 88 and u.
22
Let f = -37 + 45. What is the greatest common divisor of 12 and f?
4
Suppose -b - 29 = 5*r - 10, 4*r = -5*b + 10. Suppose -3*p + 0*t + 69 = -5*t, 0 = -2*p + 2*t + 42. What is the highest common factor of p and b?
6
Let r be -1 + 0 - (-1 + -4). Suppose 0 = -r*t + 132 + 48. What is the highest common divisor of t and 30?
15
Let c = -35 - -71. Suppose 4*i = 4*x - c, 4*i + 25 = -2*x + 61. What is the highest common divisor of 12 and x?
12
Suppose 0*i + 88 = 4*i. Suppose 3*t - 74 = -0*t - 4*q, 0 = -2*q + 4. What is the highest common divisor of i and t?
22
Let c be 17 + (-1)/(-1 + 0). Suppose 2*d + 3*d = 30. Calculate the greatest common divisor of c and d.
6
Let m(w) = -w**3 - 5*w**2 - 6*w - 6. Let u be m(-4). Let t = -5 + 27. Calculate the greatest common divisor of u and t.
2
Suppose 4*q - 284 = 5*t, 0 = -q - 2*t + 5*t + 64. Let l = -11 - 10. Let x = l + q. What is the greatest common factor of x and 5?
5
Suppose 2*g = 2*w + 6, 0 = 2*g - 3*w - 1 - 1. Let z = g - 5. What is the greatest common divisor of z and 1?
1
Let r(x) be the second derivative of 5*x**3/3 - x. Let f be 200/35 + 2/7. Let o be r(f). What is the greatest common factor of 15 and o?
15
Let z(l) = -l**2 - 11*l - 4. Let b be z(-9). What is the highest common factor of b and 14?
14
Let c(m) = m**2 + 3*m - 26. Let q be c(-13). Calculate the greatest common divisor of q and 13.
13
Suppose 0*y - 150 = -5*m - y, -m + 30 = 2*y. What is the highest common factor of m and 240?
30
Let n(x) = -2*x**2 - 48*x - 4. Let w be n(-20). What is the highest common divisor of 13 and w?
13
Suppose 1 + 2 = h. Let x be (1 + -2)/(-1)*h. Suppose 5*j + 2*b - 35 = 0, -j - x*b + 12 = 2*j. What is the highest common divisor of j and 27?
9
Let s(w) = w + 6. Let x be s(-6). Suppose x*r - 3*r = -81. Suppose -3*q + 4*j = 2*q - 78, -j + 21 = q. Calculate the greatest common divisor of r and q.
9
Suppose -c + 5*z = -49, -2*c + 3*z + 39 = -c. What is the greatest common factor of c and 8?
8
Suppose -34 = 5*a + 4*s - 530, 202 = 2*a - 2*s. What is the greatest common divisor of 20 and a?
20
Let j = 8 + -4. Let v be (18 - j/2)*1. Suppose -153 = -2*u - 4*h + 91, -5*h + 241 = 2*u. What is the greatest common divisor of v and u?
16
Suppose 0*m = -m + 3. Suppose m*s - 7 = -g - s, -5*s - 53 = -2*g. Calculate the highest common divisor of 19 and g.
19
Suppose 10 + 26 = a. Calculate the greatest common divisor of a and 90.
18
Let b = 13 + -11. Suppose -b*y - 4*z + 50 = 0, -4*y + 2*z = 4*z - 100. Calculate the greatest common divisor of y and 5.
5
Let n = 18 - 13. Let c(a) = 4*a. Let d be c(n). Calculate the highest common divisor of 8 and d.
4
Let o = -25 - -29. What is the highest common divisor of 44 and o?
4
Let j(v) = -v**2. Let g be j(3). Let s = -4378 + 6652. Let b be (-2)/(-6) - s/g. What is the highest common factor of 23 and b?
23
Let s be (2/(-3))/(1/(-6)). Suppose d - s = -0*d. What is the greatest common factor of 16 and d?
4
Suppose 13 = 5*s + 3. Suppose p - 27 = -s*p. Let u be -2*(90/4)/(-5). Calculate the greatest common divisor of u and p.
9
Suppose 4*w - 8 = 2*p, 3*p = -p - w + 2. Let m be 59 - 4 - (1 - p). Let v be m/10 + 10/(-25). Calculate the highest common divisor of v and 55.
5
Let z(u) = -u**3 - 4*u**2 + 8*u - 12. Let i be z(-6). What is the highest common factor of i and 24?
12
Let k be 4 + (-2)/((-6)/(-3)). Suppose -18 - 15 = -k*m. What is t